{"id":105,"date":"2019-02-25T19:57:05","date_gmt":"2019-02-25T18:57:05","guid":{"rendered":"http:\/\/radio.gav.hr\/?page_id=105"},"modified":"2019-02-27T19:03:45","modified_gmt":"2019-02-27T18:03:45","slug":"kontakt","status":"publish","type":"page","link":"http:\/\/radio.gav.hr\/index.php\/kontakt\/","title":{"rendered":"Kontakt"},"content":{"rendered":"\n<p><strong>MATI\u010cNI BROJ \u0160KOLE: \u00a0<\/strong> 3875903<\/p>\n\n\n\n<p><strong>\u017dIRO RA\u010cUN: &nbsp;<\/strong>2411006-1100012022<\/p>\n\n\n\n<p><strong>\u0160IFRA \u0160KOLE :<\/strong> 15-081-506<\/p>\n\n\n\n<p><strong>OIB&nbsp;\u0160KOLE :<\/strong>&nbsp;26870999432<\/p>\n\n\n\n<p><strong>E-MAIL: &nbsp;<\/strong><a href=\"mailto:gimnazija@gav.hr\">gimnazija@gav.hr<\/a><\/p>\n\n\n\n<p><strong>ADRESA \u0160KOLE :<\/strong>&nbsp;PUT GIMNAZIJE 64<\/p>\n\n\n\n<p><strong>RAVNATELJ<\/strong><br>\nmr.sc. Josip Pai\u0107, prof.<br>\nTEL: 216-420<\/p>\n\n\n\n<p>E-MAIL: <a href=\"mailto:ravnatelj@gav.hr\">ravnatelj@gav.hr<\/a><\/p>\n\n\n\n<p><strong>TAJNI\u0160TVO<\/strong><br>\nMario Bo\u017eikov, dipl. iur.<br>\nTEL: 213-276<br>\nE-MAIL: <a href=\"mailto:tajnik@gav.hr\">tajnik@gav.hr<\/a><\/p>\n\n\n\n<p><strong>RA\u010cUNOVODSTVO<\/strong><br>\nNera Bili\u0107<br>\nTEL: 213-276 (104)<\/p>\n\n\n\n<p><strong>PEDAGOG<\/strong><br>\nDarka Antunac \u0160anti\u0107, prof.<br>\nTEL: 213-276 (106)<br>\nE-MAIL: <a href=\"mailto:pedagog@gav.hr\">pedagog@gav.hr<\/a><\/p>\n\n\n\n<p><strong>PSIHOLOG<\/strong><br>\nSanja Bjelinski Alfier, prof.<br>\nTEL: 213-276<\/p>\n","protected":false},"excerpt":{"rendered":"<p>MATI\u010cNI BROJ \u0160KOLE: \u00a0 3875903 \u017dIRO RA\u010cUN: &nbsp;2411006-1100012022 \u0160IFRA \u0160KOLE : 15-081-506 OIB&nbsp;\u0160KOLE :&nbsp;26870999432 E-MAIL: &nbsp;gimnazija@gav.hr ADRESA \u0160KOLE :&nbsp;PUT GIMNAZIJE<\/p>\n","protected":false},"author":1,"featured_media":0,"parent":0,"menu_order":0,"comment_status":"closed","ping_status":"closed","template":"","meta":[],"_links":{"self":[{"href":"http:\/\/radio.gav.hr\/index.php\/wp-json\/wp\/v2\/pages\/105"}],"collection":[{"href":"http:\/\/radio.gav.hr\/index.php\/wp-json\/wp\/v2\/pages"}],"about":[{"href":"http:\/\/radio.gav.hr\/index.php\/wp-json\/wp\/v2\/types\/page"}],"author":[{"embeddable":true,"href":"http:\/\/radio.gav.hr\/index.php\/wp-json\/wp\/v2\/users\/1"}],"replies":[{"embeddable":true,"href":"http:\/\/radio.gav.hr\/index.php\/wp-json\/wp\/v2\/comments?post=105"}],"version-history":[{"count":2,"href":"http:\/\/radio.gav.hr\/index.php\/wp-json\/wp\/v2\/pages\/105\/revisions"}],"predecessor-version":[{"id":278,"href":"http:\/\/radio.gav.hr\/index.php\/wp-json\/wp\/v2\/pages\/105\/revisions\/278"}],"wp:attachment":[{"href":"http:\/\/radio.gav.hr\/index.php\/wp-json\/wp\/v2\/media?parent=105"}],"curies":[{"name":"wp","href":"https:\/\/api.w.org\/{rel}","templated":true}]}}