{"id":162,"date":"2019-02-26T20:19:01","date_gmt":"2019-02-26T19:19:01","guid":{"rendered":"http:\/\/radio.gav.hr\/?page_id=162"},"modified":"2019-03-03T23:42:54","modified_gmt":"2019-03-03T22:42:54","slug":"impressum","status":"publish","type":"page","link":"http:\/\/radio.gav.hr\/index.php\/impressum\/","title":{"rendered":"Impressum"},"content":{"rendered":"\n<p><strong>Glavni i odgovorni urednik:<\/strong> mr. sc. Josip Pai\u0107&nbsp;&nbsp;&nbsp;&nbsp;&nbsp;&nbsp;&nbsp;&nbsp;&nbsp;&nbsp;&nbsp;&nbsp;&nbsp;&nbsp;&nbsp;&nbsp;&nbsp;&nbsp;&nbsp;&nbsp; <\/p>\n\n\n\n<p><strong>Glavni urednik \u2013\nmentor<\/strong>: Danijela Grubi\u0161i\u0107, prof.<\/p>\n\n\n\n<p><strong>Glavni urednik\nradija<\/strong>: Laura Gali\u0107<\/p>\n\n\n\n<p><strong>Voditelj tehnike<\/strong>:\nPetra Lena Skelin<\/p>\n\n\n\n<p><strong>Glazbeni urednik<\/strong>: Lucija Mileta<\/p>\n\n\n\n<p><strong>Tehni\u010dari:<\/strong> Lora Slugan, Klara \u0160aki\u0107<\/p>\n\n\n\n<p><strong>Spikeri<\/strong>: Luka \u0106evid, Franka Erak, Nikolina Duji\u0107, Karlo Vran\u010di\u0107, Nika Markovi\u0107<\/p>\n\n\n\n<p><strong>Novinari<\/strong>: Iva Alfirev, Mirna Lani Avdagi\u0107, Fedra \u0160aki\u0107, Matea Kalabri\u0107, Eni Bogdanovi\u0107 <\/p>\n\n\n\n<figure class=\"wp-block-image is-resized\"><img loading=\"lazy\" src=\"http:\/\/radio.gav.hr\/wp-content\/uploads\/2019\/03\/logo.jpg\" alt=\"\" class=\"wp-image-384\" width=\"584\" height=\"290\" srcset=\"http:\/\/radio.gav.hr\/wp-content\/uploads\/2019\/03\/logo.jpg 471w, http:\/\/radio.gav.hr\/wp-content\/uploads\/2019\/03\/logo-300x149.jpg 300w\" sizes=\"(max-width: 584px) 100vw, 584px\" \/><\/figure>\n","protected":false},"excerpt":{"rendered":"<p>Glavni i odgovorni urednik: mr. sc. Josip Pai\u0107&nbsp;&nbsp;&nbsp;&nbsp;&nbsp;&nbsp;&nbsp;&nbsp;&nbsp;&nbsp;&nbsp;&nbsp;&nbsp;&nbsp;&nbsp;&nbsp;&nbsp;&nbsp;&nbsp;&nbsp; Glavni urednik \u2013 mentor: Danijela Grubi\u0161i\u0107, prof. Glavni urednik radija: Laura Gali\u0107<\/p>\n","protected":false},"author":1,"featured_media":0,"parent":0,"menu_order":0,"comment_status":"closed","ping_status":"closed","template":"","meta":[],"_links":{"self":[{"href":"http:\/\/radio.gav.hr\/index.php\/wp-json\/wp\/v2\/pages\/162"}],"collection":[{"href":"http:\/\/radio.gav.hr\/index.php\/wp-json\/wp\/v2\/pages"}],"about":[{"href":"http:\/\/radio.gav.hr\/index.php\/wp-json\/wp\/v2\/types\/page"}],"author":[{"embeddable":true,"href":"http:\/\/radio.gav.hr\/index.php\/wp-json\/wp\/v2\/users\/1"}],"replies":[{"embeddable":true,"href":"http:\/\/radio.gav.hr\/index.php\/wp-json\/wp\/v2\/comments?post=162"}],"version-history":[{"count":6,"href":"http:\/\/radio.gav.hr\/index.php\/wp-json\/wp\/v2\/pages\/162\/revisions"}],"predecessor-version":[{"id":395,"href":"http:\/\/radio.gav.hr\/index.php\/wp-json\/wp\/v2\/pages\/162\/revisions\/395"}],"wp:attachment":[{"href":"http:\/\/radio.gav.hr\/index.php\/wp-json\/wp\/v2\/media?parent=162"}],"curies":[{"name":"wp","href":"https:\/\/api.w.org\/{rel}","templated":true}]}}